tor of 1819620?
True
Is 13 a factor of 3141476?
True
Is 1731 a factor of 12200630?
False
Is 1666568 a multiple of 11?
False
Is 96008 a multiple of 16?
False
Is 34 a factor of 11016?
True
Is 55274 a multiple of 40?
False
Does 33 divide 446325?
True
Is 224 a factor of 714256?
False
Does 231 divide 207750?
False
Does 964 divide 83868?
True
Is 282 a factor of 1888272?
True
Is 34 a factor of 102510?
True
Does 893 divide 8056580?
False
Is 22198716 a multiple of 1627?
False
Is 24 a factor of 2730926?
False
Is 188928 a multiple of 246?
True
Is 24555 a multiple of 107?
False
Is 1904545 a multiple of 5?
True
Is 327 a factor of 186950?
False
Is 1157898 a multiple of 42?
True
Does 36 divide 7177930?
False
Does 48 divide 4804320?
True
Is 184870 a multiple of 201?
False
Does 122 divide 512125?
False
Does 133 divide 17388?
False
Is 8903601 a multiple of 7?
True
Does 598 divide 7561710?
True
Does 89 divide 90958?
True
Does 21 divide 299433?
False
Is 11328 a multiple of 3?
True
Does 26 divide 2891486?
True
Is 83300 a multiple of 17?
True
Does 51 divide 62834?
False
Is 174 a factor of 2295430?
False
Is 13 a factor of 272204?
False
Does 3 divide 612?
True
Is 246634 even?
True
Is 59 a factor of 1988975?
False
Is 2224368 a multiple of 7?
False
Does 18 divide 308614?
False
Is 6 a factor of 379024?
False
Is 7670944 a multiple of 68?
True
Is 514 a factor of 1263452?
False
Is 29 a factor of 4624704?
False
Is 5103710 a multiple of 13?
False
Is 75 a factor of 265759?
False
Is 5634979 a multiple of 41?
False
Does 130 divide 4981?
False
Is 16 a factor of 5346784?
True
Does 157 divide 475710?
True
Is 75 a factor of 631102?
False
Is 12 a factor of 730288?
False
Does 273 divide 153153?
True
Is 4 a factor of 141264?
True
Does 78 divide 1044607?
False
Is 10 a factor of 842130?
True
Is 1051505 a multiple of 35?
True
Is 52 a factor of 2050880?
True
Is 296290 a multiple of 13?
False
Is 40 a factor of 217120?
True
Is 1471314 a multiple of 39?
True
Is 17 a factor of 167212?
True
Is 159100 a multiple of 4?
True
Is 28 a factor of 337232?
True
Is 71 a factor of 72349?
True
Does 137 divide 350122?
False
Is 326463 a multiple of 97?
False
Is 8 a factor of 331427?
False
Is 30 a factor of 202994?
False
Is 135 a factor of 505591?
False
Does 86 divide 436654?
False
Is 8492 a multiple of 3?
False
Is 46561 a multiple of 36?
False
Is 14016470 a multiple of 787?
True
Is 1194424 a multiple of 1078?
True
Is 13403873 a multiple of 7?
True
Is 29718 a multiple of 13?
True
Is 2 a factor of 253973?
False
Does 303 divide 3209073?
True
Does 32 divide 65473?
False
Is 8158728 a multiple of 1459?
True
Is 58 a factor of 1015580?
True
Is 336243 a multiple of 51?
True
Is 36925 a multiple of 453?
False
Is 4 a factor of 824672?
True
Is 220 a factor of 9232960?
True
Does 301 divide 8785287?
True
Does 356 divide 1602356?
True
Is 21 a factor of 3185364?
True
Is 361171 a multiple of 10?
False
Is 233 a factor of 2941159?
True
Does 25 divide 16297415?
False
Is 1899402 a multiple of 73?
False
Does 149 divide 1563073?
False
Does 259 divide 81042?
False
Does 44 divide 204003?
False
Is 77596 a multiple of 38?
True
Is 67 a factor of 9968?
False
Is 18 a factor of 603995?
False
Is 27 a factor of 1534840?
False
Is 31 a factor of 1117674?
True
Is 14210534 a multiple of 26?
True
Is 308468 a multiple of 134?
True
Is 185648 a multiple of 8?
True
Is 36 a factor of 2903908?
False
Is 685 a factor of 440455?
True
Is 15072586 a multiple of 38?
True
Is 431386 a multiple of 326?
False
Is 458432 a multiple of 19?
True
Is 67 a factor of 28858?
False
Does 55 divide 1598300?
True
Is 4085523 a multiple of 158?
False
Is 12207087 a multiple of 147?
False
Does 149 divide 217604?
False
Is 192 a factor of 42227?
False
Does 29 divide 4601136?
False
Is 13 a factor of 19336726?
False
Is 21915575 a multiple of 25?
True
Does 89 divide 11417?
False
Is 49895 a multiple of 19?
False
Is 451548 a multiple of 36?
True
Is 36 a factor of 76674?
False
Does 362 divide 3619187?
False
Is 487 a factor of 322881?
True
Is 74 a factor of 399113?
False
Does 714 divide 95382?
False
Is 127220 a multiple of 20?
True
Is 9296383 a multiple of 97?
True
Does 16 divide 7312?
True
Is 11870363 a multiple of 226?
False
Does 191 divide 718108?
False
Is 39984 a multiple of 196?
True
Does 59 divide 161827?
False
Does 131 divide 255468?
False
Is 295 a factor of 239807?
False
Is 340 a factor of 440487?
False
Does 22 divide 9945078?
True
Is 494 a factor of 3634358?
True
Does 13 divide 364494?
True
Is 1238417 a multiple of 4?
False
Is 90665 a multiple of 8?
False
Is 417 a factor of 388644?
True
Is 910049 a multiple of 28?
False
Is 124614 a multiple of 138?
True
Is 24606 a multiple of 54?
False
Is 124608 a multiple of 176?
True
Does 93 divide 213929?
False
Is 2 a factor of 151815?
False
Is 249911 a multiple of 20?
False
Is 16 a factor of 1748352?
True
Does 63 divide 422541?
True
Is 11 a factor of 134949?
False
Is 169 a factor of 97386?
False
Is 36 a factor of 162097?
False
Does 203 divide 1115688?
True
Is 274 a factor of 1612908?
False
Is 3842965 a multiple of 413?
True
Does 377 divide 296699?
True
Is 167661 a multiple of 9?
True
Does 12 divide 57312?
True
Is 32 a factor of 21631?
False
Is 15 a factor of 72307?
False
Is 6 a factor of 23314?
False
Does 1432 divide 4349206?
False
Is 63 a factor of 76214?
False
Does 83 divide 11953054?
False
Is 6399497 a multiple of 23?
True
Is 108 a factor of 1307988?
True
Is 650 a factor of 692957?
False
Is 201245 a multiple of 33?
False
Is 49953 a multiple of 109?
False
Is 25 a factor of 8336725?
True
Is 149 a factor of 2241556?
True
Is 103402 a multiple of 13?
True
Is 1385 a factor of 4156651?
False
Is 8 a factor of 160136?
True
Is 127023 a multiple of 37?
False
Does 1534 divide 2242316?
False
Is 105 a factor of 262266?
False
Is 776592 a multiple of 73?
False
Is 498512 a multiple of 47?
False
Is 1268 a factor of 10145268?
True
Is 681904 a multiple of 436?
True
Is 93 a factor of 212598?
True
Is 2696014 a multiple of 22?
False
Is 242028 a multiple of 12?
True
Does 63 divide 42115?
False
Does 300 divide 694500?
True
Does 3 divide 1588?
False
Is 226868 a multiple of 86?
True
Is 27 a factor of 48438?
True
Is 2839902 a multiple of 6?
True
Is 14 a factor of 170070?
False
Is 95242 a multiple of 14?
True
Is 59 a factor of 169118?
False
Is 26 a factor of 420446?
True
Is 153768 a multiple of 172?
True
Does 249 divide 11002368?
False
Does 13 divide 43732?
True
Is 1310276 a multiple of 47?
False
Does 26 divide 3283566?
True
Is 183 a factor of 1370190?
False
Is 787176 a multiple of 4?
True
Is 254 a factor of 1887474?
True
Is 111168 a multiple of 192?
True
Does 806 divide 1712750?
True
Is 406812 a multiple of 84?
True
Does 435 divide 1628205?
True
Does 15 divide 4479822?
False
Does 93 divide 39711?
True
Does 15 divide 7095682?
False
Is 57612 a multiple of 44?
False
Is 24 a factor of 1329836?
False
Is 5853768 a multiple of 15?
False
Does 2 divide 3352434?
True
Is 5231140 a multiple of 59?
False
Does 45 divide 1782821?
False
Does 686 divide 1399181?
False
Does 16 divide 2975616?
True
Does 31 divide 3167084?
True
Does 8 divide 969885?
False
Does 563 divide 4966063?
False
Is 36 a factor of 174217?
False
Is 981382 a multiple of 510?
False
Is 815 a factor of 7688429?
False
Is 309534 a multiple of 23?
True
Is 10 a factor of 2087180?
True
Is 42 a factor of 788867?
False
Is 105 a factor of 595665?
True
Is 14880495 a multiple of 90?
False
Does 18 divide 49500?
True
Is 16693810 a multiple of 106?
False
Does 11 divide 2175496?
False
Is 3524872 a multiple of 33?
False
Is 260 a factor of 22347?
False
Is 7680 a multiple of 15?
True
Is 23741 a multiple of 2?
False
Is 2 a factor of 16255?
False
Is 3906096 a multiple of 456?
True
Is 9625 a multiple of 175?
True
Does 38 divide 435442?
True
Is 12823032 a multiple of 593?
True
Is 785 a factor of 21689550?
True
Does 45 divide 584865?
True
Does 13 divide 30431900?
False
Is 2598 a factor of 800210?
False
Is 18 a factor of 1656612?
True
Does 13 divide 573517?
False
Is 654071 a multiple of 97?
True
Is 4 a factor of 56712?
True
Is 557 a factor of 98821?
False
Is 164950 a multiple of 416?
False
Does 57 divide 40413?
True
Is 181503 a multiple of 201?
True
Is 47636 a multiple of 4?
True
Is 8 a factor of 1150579?
False
Is 529 a factor of 5097